{"id":58,"date":"2017-06-28T20:03:22","date_gmt":"2017-06-28T18:03:22","guid":{"rendered":"http:\/\/www.huishurenardeche.nl\/?page_id=58"},"modified":"2022-06-22T15:29:21","modified_gmt":"2022-06-22T13:29:21","slug":"availability","status":"publish","type":"page","link":"https:\/\/www.huishurenardeche.nl\/fr\/availability\/","title":{"rendered":"Prix et reservations"},"content":{"rendered":"<p>Envoyez-nous un message si vous avez des questions ou si vous d\u00e9sirez des renseignements sur la disponibilit\u00e9 de notre villa.<\/p>\n<p>(demandez la remise propri\u00e9taire)<br \/>\nLes Rives de l\u2019Ard\u00e8che<br \/>\nvilla individuelle 10 pers piscine priv\u00e9e + climatisation<\/p>\n<p>Nous pouvons vous envoyer un devis sans engagement sur demande.<\/p>\n<p>&nbsp;<\/p>\n<table border=\"1\" cellspacing=\"0\" cellpadding=\"0\">\n<tbody>\n<tr>\n<td><strong>P\u00e9riode<br \/>\n<\/strong><\/td>\n<td><strong>Prix de la location par semaine\u2028<\/strong><strong> Frais de r\u00e9servation exclus<\/strong><\/td>\n<\/tr>\n<tr>\n<td>Bas saison<\/td>\n<td>\u20ac 1000,&#8211; (demandez la remise propri\u00e9taire).<\/td>\n<\/tr>\n<tr>\n<td>Moyen saison<\/td>\n<td>\u20ac 1.500,&#8211; (demandez la remise propri\u00e9taire).<\/td>\n<\/tr>\n<tr>\n<td>Haute saison<\/td>\n<td>\u20ac 2.500,&#8211; (demandez la remise propri\u00e9taire).<\/td>\n<\/tr>\n<\/tbody>\n<\/table>\n<p>&nbsp;<\/p>","protected":false},"excerpt":{"rendered":"<p>Envoyez-nous un message si vous avez des questions ou si vous d\u00e9sirez des renseignements sur la disponibilit\u00e9 de notre villa. (demandez la remise propri\u00e9taire) Les Rives de l\u2019Ard\u00e8che villa individuelle 10 pers piscine priv\u00e9e + climatisation Nous pouvons vous envoyer un devis sans engagement sur demande. &nbsp; P\u00e9riode Prix de la location par semaine\u2028 Frais [&hellip;]<\/p>\n","protected":false},"author":1,"featured_media":0,"parent":0,"menu_order":0,"comment_status":"closed","ping_status":"closed","template":"template-fullwidth.php","meta":{"jetpack_post_was_ever_published":false,"footnotes":""},"class_list":["post-58","page","type-page","status-publish","hentry","post-preview"],"yoast_head":"<!-- This site is optimized with the Yoast SEO plugin v26.9 - https:\/\/yoast.com\/product\/yoast-seo-wordpress\/ -->\n<title>Vakantievilla in de Ard\u00e8che Villa huren - Prijzen en reserveren<\/title>\n<meta name=\"description\" content=\"[:nl]Prijzen en reserveren[:en]Availability[:fr]Prix et reservations[:] - Vakantievilla in de Ard\u00e8che Villa huren in de Ard\u00e8che \u00e9\u00e9n van de mooiste streken van Zuid-Frankrijk\" \/>\n<meta name=\"robots\" content=\"index, follow, max-snippet:-1, max-image-preview:large, max-video-preview:-1\" \/>\n<link rel=\"canonical\" href=\"https:\/\/www.huishurenardeche.nl\/availability\/\" \/>\n<meta property=\"og:locale\" content=\"fr_FR\" \/>\n<meta property=\"og:type\" content=\"article\" \/>\n<meta property=\"og:title\" content=\"Vakantievilla in de Ard\u00e8che Villa huren - Prijzen en reserveren\" \/>\n<meta property=\"og:description\" content=\"[:nl]Prijzen en reserveren[:en]Availability[:fr]Prix et reservations[:] - Vakantievilla in de Ard\u00e8che Villa huren in de Ard\u00e8che \u00e9\u00e9n van de mooiste streken van Zuid-Frankrijk\" \/>\n<meta property=\"og:url\" content=\"https:\/\/www.huishurenardeche.nl\/availability\/\" \/>\n<meta property=\"og:site_name\" content=\"huishurenardeche.nl\" \/>\n<meta property=\"article:modified_time\" content=\"2022-06-22T13:29:21+00:00\" \/>\n<meta name=\"twitter:card\" content=\"summary_large_image\" \/>\n<meta name=\"twitter:label1\" content=\"Dur\u00e9e de lecture estim\u00e9e\" \/>\n\t<meta name=\"twitter:data1\" content=\"1 minute\" \/>\n<script type=\"application\/ld+json\" class=\"yoast-schema-graph\">{\"@context\":\"https:\/\/schema.org\",\"@graph\":[{\"@type\":\"WebPage\",\"@id\":\"https:\/\/www.huishurenardeche.nl\/availability\/\",\"url\":\"https:\/\/www.huishurenardeche.nl\/availability\/\",\"name\":\"Vakantievilla in de Ard\u00e8che Villa huren - Prijzen en reserveren\",\"isPartOf\":{\"@id\":\"https:\/\/www.huishurenardeche.nl\/#website\"},\"datePublished\":\"2017-06-28T18:03:22+00:00\",\"dateModified\":\"2022-06-22T13:29:21+00:00\",\"description\":\"[:nl]Prijzen en reserveren[:en]Availability[:fr]Prix et reservations[:] - Vakantievilla in de Ard\u00e8che Villa huren in de Ard\u00e8che \u00e9\u00e9n van de mooiste streken van Zuid-Frankrijk\",\"breadcrumb\":{\"@id\":\"https:\/\/www.huishurenardeche.nl\/availability\/#breadcrumb\"},\"inLanguage\":\"fr-FR\",\"potentialAction\":[{\"@type\":\"ReadAction\",\"target\":[\"https:\/\/www.huishurenardeche.nl\/availability\/\"]}]},{\"@type\":\"BreadcrumbList\",\"@id\":\"https:\/\/www.huishurenardeche.nl\/availability\/#breadcrumb\",\"itemListElement\":[{\"@type\":\"ListItem\",\"position\":1,\"name\":\"Home\",\"item\":\"https:\/\/www.huishurenardeche.nl\/en\/\"},{\"@type\":\"ListItem\",\"position\":2,\"name\":\"Prijzen en reserveren\"}]},{\"@type\":\"WebSite\",\"@id\":\"https:\/\/www.huishurenardeche.nl\/#website\",\"url\":\"https:\/\/www.huishurenardeche.nl\/\",\"name\":\"huishurenardeche.nl\",\"description\":\"In een van de mooiste streken in Zuid-Frankrijk\",\"potentialAction\":[{\"@type\":\"SearchAction\",\"target\":{\"@type\":\"EntryPoint\",\"urlTemplate\":\"https:\/\/www.huishurenardeche.nl\/?s={search_term_string}\"},\"query-input\":{\"@type\":\"PropertyValueSpecification\",\"valueRequired\":true,\"valueName\":\"search_term_string\"}}],\"inLanguage\":\"fr-FR\"}]}<\/script>\n<!-- \/ Yoast SEO plugin. -->","yoast_head_json":{"title":"Vakantievilla in de Ard\u00e8che Villa huren - Prijzen en reserveren","description":"[:nl]Prijzen en reserveren[:en]Availability[:fr]Prix et reservations[:] - Vakantievilla in de Ard\u00e8che Villa huren in de Ard\u00e8che \u00e9\u00e9n van de mooiste streken van Zuid-Frankrijk","robots":{"index":"index","follow":"follow","max-snippet":"max-snippet:-1","max-image-preview":"max-image-preview:large","max-video-preview":"max-video-preview:-1"},"canonical":"https:\/\/www.huishurenardeche.nl\/availability\/","og_locale":"fr_FR","og_type":"article","og_title":"Vakantievilla in de Ard\u00e8che Villa huren - Prijzen en reserveren","og_description":"[:nl]Prijzen en reserveren[:en]Availability[:fr]Prix et reservations[:] - Vakantievilla in de Ard\u00e8che Villa huren in de Ard\u00e8che \u00e9\u00e9n van de mooiste streken van Zuid-Frankrijk","og_url":"https:\/\/www.huishurenardeche.nl\/availability\/","og_site_name":"huishurenardeche.nl","article_modified_time":"2022-06-22T13:29:21+00:00","twitter_card":"summary_large_image","twitter_misc":{"Dur\u00e9e de lecture estim\u00e9e":"1 minute"},"schema":{"@context":"https:\/\/schema.org","@graph":[{"@type":"WebPage","@id":"https:\/\/www.huishurenardeche.nl\/availability\/","url":"https:\/\/www.huishurenardeche.nl\/availability\/","name":"Vakantievilla in de Ard\u00e8che Villa huren - Prijzen en reserveren","isPartOf":{"@id":"https:\/\/www.huishurenardeche.nl\/#website"},"datePublished":"2017-06-28T18:03:22+00:00","dateModified":"2022-06-22T13:29:21+00:00","description":"[:nl]Prijzen en reserveren[:en]Availability[:fr]Prix et reservations[:] - Vakantievilla in de Ard\u00e8che Villa huren in de Ard\u00e8che \u00e9\u00e9n van de mooiste streken van Zuid-Frankrijk","breadcrumb":{"@id":"https:\/\/www.huishurenardeche.nl\/availability\/#breadcrumb"},"inLanguage":"fr-FR","potentialAction":[{"@type":"ReadAction","target":["https:\/\/www.huishurenardeche.nl\/availability\/"]}]},{"@type":"BreadcrumbList","@id":"https:\/\/www.huishurenardeche.nl\/availability\/#breadcrumb","itemListElement":[{"@type":"ListItem","position":1,"name":"Home","item":"https:\/\/www.huishurenardeche.nl\/en\/"},{"@type":"ListItem","position":2,"name":"Prijzen en reserveren"}]},{"@type":"WebSite","@id":"https:\/\/www.huishurenardeche.nl\/#website","url":"https:\/\/www.huishurenardeche.nl\/","name":"huishurenardeche.nl","description":"In een van de mooiste streken in Zuid-Frankrijk","potentialAction":[{"@type":"SearchAction","target":{"@type":"EntryPoint","urlTemplate":"https:\/\/www.huishurenardeche.nl\/?s={search_term_string}"},"query-input":{"@type":"PropertyValueSpecification","valueRequired":true,"valueName":"search_term_string"}}],"inLanguage":"fr-FR"}]}},"jetpack_sharing_enabled":true,"jetpack_shortlink":"https:\/\/wp.me\/P8SsqN-W","jetpack-related-posts":[],"_links":{"self":[{"href":"https:\/\/www.huishurenardeche.nl\/fr\/wp-json\/wp\/v2\/pages\/58","targetHints":{"allow":["GET"]}}],"collection":[{"href":"https:\/\/www.huishurenardeche.nl\/fr\/wp-json\/wp\/v2\/pages"}],"about":[{"href":"https:\/\/www.huishurenardeche.nl\/fr\/wp-json\/wp\/v2\/types\/page"}],"author":[{"embeddable":true,"href":"https:\/\/www.huishurenardeche.nl\/fr\/wp-json\/wp\/v2\/users\/1"}],"replies":[{"embeddable":true,"href":"https:\/\/www.huishurenardeche.nl\/fr\/wp-json\/wp\/v2\/comments?post=58"}],"version-history":[{"count":4,"href":"https:\/\/www.huishurenardeche.nl\/fr\/wp-json\/wp\/v2\/pages\/58\/revisions"}],"predecessor-version":[{"id":749,"href":"https:\/\/www.huishurenardeche.nl\/fr\/wp-json\/wp\/v2\/pages\/58\/revisions\/749"}],"wp:attachment":[{"href":"https:\/\/www.huishurenardeche.nl\/fr\/wp-json\/wp\/v2\/media?parent=58"}],"curies":[{"name":"wp","href":"https:\/\/api.w.org\/{rel}","templated":true}]}}

<p>Envoyez-nous un message si vous avez des questions ou si vous désirez des renseignements sur la disponibilité de notre villa.</p>
<p>(demandez la remise propriétaire)<br />
Les Rives de l’Ardèche<br />
villa individuelle 10 pers piscine privée + climatisation</p>
<p>Nous pouvons vous envoyer un devis sans engagement sur demande.</p>
<p>&nbsp;</p>
<table border="1" cellspacing="0" cellpadding="0">
<tbody>
<tr>
<td><strong>Période<br />
</strong></td>
<td><strong>Prix de la location par semaine </strong><strong> Frais de réservation exclus</strong></td>
</tr>
<tr>
<td>Bas saison</td>
<td>€ 1000,&#8211; (demandez la remise propriétaire).</td>
</tr>
<tr>
<td>Moyen saison</td>
<td>€ 1.500,&#8211; (demandez la remise propriétaire).</td>
</tr>
<tr>
<td>Haute saison</td>
<td>€ 2.500,&#8211; (demandez la remise propriétaire).</td>
</tr>
</tbody>
</table>
<p>&nbsp;</p>

<p>Envoyez-nous un message si vous avez des questions ou si vous désirez des renseignements sur la disponibilité de notre villa. (demandez la remise propriétaire) Les Rives de l’Ardèche villa individuelle 10 pers piscine privée + climatisation Nous pouvons vous envoyer un devis sans engagement sur demande. &nbsp; Période Prix de la location par semaine  Frais [&hellip;]</p>

<!-- This site is optimized with the Yoast SEO plugin v26.9 - https://yoast.com/product/yoast-seo-wordpress/ -->
<title>Vakantievilla in de Ardèche Villa huren - Prijzen en reserveren</title>
<meta name="description" content="[:nl]Prijzen en reserveren[:en]Availability[:fr]Prix et reservations[:] - Vakantievilla in de Ardèche Villa huren in de Ardèche één van de mooiste streken van Zuid-Frankrijk" />
<meta name="robots" content="index, follow, max-snippet:-1, max-image-preview:large, max-video-preview:-1" />
<link rel="canonical" href="https://www.huishurenardeche.nl/availability/" />
<meta property="og:locale" content="fr_FR" />
<meta property="og:type" content="article" />
<meta property="og:title" content="Vakantievilla in de Ardèche Villa huren - Prijzen en reserveren" />
<meta property="og:description" content="[:nl]Prijzen en reserveren[:en]Availability[:fr]Prix et reservations[:] - Vakantievilla in de Ardèche Villa huren in de Ardèche één van de mooiste streken van Zuid-Frankrijk" />
<meta property="og:url" content="https://www.huishurenardeche.nl/availability/" />
<meta property="og:site_name" content="huishurenardeche.nl" />
<meta property="article:modified_time" content="2022-06-22T13:29:21+00:00" />
<meta name="twitter:card" content="summary_large_image" />
<meta name="twitter:label1" content="Durée de lecture estimée" />
	<meta name="twitter:data1" content="1 minute" />
<script type="application/ld+json" class="yoast-schema-graph">{"@context":"https://schema.org","@graph":[{"@type":"WebPage","@id":"https://www.huishurenardeche.nl/availability/","url":"https://www.huishurenardeche.nl/availability/","name":"Vakantievilla in de Ardèche Villa huren - Prijzen en reserveren","isPartOf":{"@id":"https://www.huishurenardeche.nl/#website"},"datePublished":"2017-06-28T18:03:22+00:00","dateModified":"2022-06-22T13:29:21+00:00","description":"[:nl]Prijzen en reserveren[:en]Availability[:fr]Prix et reservations[:] - Vakantievilla in de Ardèche Villa huren in de Ardèche één van de mooiste streken van Zuid-Frankrijk","breadcrumb":{"@id":"https://www.huishurenardeche.nl/availability/#breadcrumb"},"inLanguage":"fr-FR","potentialAction":[{"@type":"ReadAction","target":["https://www.huishurenardeche.nl/availability/"]}]},{"@type":"BreadcrumbList","@id":"https://www.huishurenardeche.nl/availability/#breadcrumb","itemListElement":[{"@type":"ListItem","position":1,"name":"Home","item":"https://www.huishurenardeche.nl/en/"},{"@type":"ListItem","position":2,"name":"Prijzen en reserveren"}]},{"@type":"WebSite","@id":"https://www.huishurenardeche.nl/#website","url":"https://www.huishurenardeche.nl/","name":"huishurenardeche.nl","description":"In een van de mooiste streken in Zuid-Frankrijk","potentialAction":[{"@type":"SearchAction","target":{"@type":"EntryPoint","urlTemplate":"https://www.huishurenardeche.nl/?s={search_term_string}"},"query-input":{"@type":"PropertyValueSpecification","valueRequired":true,"valueName":"search_term_string"}}],"inLanguage":"fr-FR"}]}</script>
<!-- / Yoast SEO plugin. -->

Vakantievilla in de Ardèche Villa huren - Prijzen en reserveren

[:nl]Prijzen en reserveren[:en]Availability[:fr]Prix et reservations[:] - Vakantievilla in de Ardèche Villa huren in de Ardèche één van de mooiste streken van Zuid-Frankrijk
